{"id":5,"date":"2025-02-14T16:56:11","date_gmt":"2025-02-14T15:56:11","guid":{"rendered":"https:\/\/kravmagabremen.de\/wordpress\/?page_id=5"},"modified":"2025-09-12T09:07:43","modified_gmt":"2025-09-12T07:07:43","slug":"startseite","status":"publish","type":"page","link":"https:\/\/kravmagabremen.de\/wordpress\/","title":{"rendered":"Willkommen bei Krav Maga Bremen"},"content":{"rendered":"<div class=\"wp-block-image\">\n<figure class=\"aligncenter size-full\"><img data-opt-id=1005541614  fetchpriority=\"high\" decoding=\"async\" width=\"800\" height=\"425\" src=\"https:\/\/mlerlwx8bjtg.i.optimole.com\/cb:jziu.f5a\/w:auto\/h:auto\/q:mauto\/ig:avif\/https:\/\/kravmagabremen.de\/wordpress\/wp-content\/uploads\/2025\/02\/dsc00821-a.jpg\" alt=\"\" class=\"wp-image-11\" srcset=\"https:\/\/mlerlwx8bjtg.i.optimole.com\/cb:jziu.f5a\/w:800\/h:425\/q:mauto\/ig:avif\/https:\/\/kravmagabremen.de\/wordpress\/wp-content\/uploads\/2025\/02\/dsc00821-a.jpg 800w, https:\/\/mlerlwx8bjtg.i.optimole.com\/cb:jziu.f5a\/w:300\/h:159\/q:mauto\/ig:avif\/https:\/\/kravmagabremen.de\/wordpress\/wp-content\/uploads\/2025\/02\/dsc00821-a.jpg 300w, https:\/\/mlerlwx8bjtg.i.optimole.com\/cb:jziu.f5a\/w:768\/h:408\/q:mauto\/ig:avif\/https:\/\/kravmagabremen.de\/wordpress\/wp-content\/uploads\/2025\/02\/dsc00821-a.jpg 768w\" sizes=\"(max-width: 800px) 100vw, 800px\" \/><\/figure>\n<\/div>\n\n\n<p><\/p>\n\n\n\n<p class=\"has-medium-font-size\">Wir sind eine Abteilung des <a href=\"https:\/\/www.tv1875.de\/\">TV Bremen-Walle 1875<\/a> und unterrichten einfach zu erlernende Selbstverteidigung f\u00fcr Kinder, Jugendliche und Erwachsene. Wir bieten langj\u00e4hrige Erfahrung, ein freundliches und kompetentes Team und alles zu moderaten Mitgliedsbeitr\u00e4gen.<\/p>\n\n\n\n<p class=\"has-medium-font-size\"><strong><a href=\"https:\/\/kravmagabremen.de\/wordpress\/wo-und-wann-trainieren-wir\/\" data-type=\"page\" data-id=\"523\">Wo und wann trainieren wir?<\/a><\/strong><\/p>\n\n\n\n<h2 class=\"wp-block-heading\">Latest News<\/h2>\n\n\n<div class=\"is-style-boxed wp-block-themeisle-blocks-posts-grid\" id=\"wp-block-themeisle-blocks-posts-grid-4e451888\"><div class=\"is-grid o-posts-grid-columns-1\"><div class=\"o-posts-grid-post-blog o-posts-grid-post-plain\"><div class=\"o-posts-grid-post\"><div class=\"o-posts-grid-post-body is-full\"><h4 class=\"o-posts-grid-post-title\"><a href=\"https:\/\/kravmagabremen.de\/wordpress\/seminar-verhalten-ueberleben-amoklagen\/\">Seminar &#8222;Amok Survival &#8211; \u00dcberleben von Extremsituationen&#8220;<\/a><\/h4><p class=\"o-posts-grid-post-meta\">Posted on <time datetime=\"2026-05-14T10:48:26+02:00\">14. Mai 2026<\/time> by <a href=\"https:\/\/kravmagabremen.de\/wordpress\/author\/web584\/\">Communicator<\/a><\/p><div class=\"o-posts-grid-post-description\"><p>In vier Stunden erhalten die Teilnehmer Informationen zu Extremsituationen und \u00fcben nach bew\u00e4hrten V\u2026<\/p><\/div><\/div><\/div><\/div><\/div> <\/div>\n\n\n<p><\/p>\n","protected":false},"excerpt":{"rendered":"<p>Wir sind eine Abteilung des TV Bremen-Walle 1875 und unterrichten einfach zu erlernende Selbstverteidigung f\u00fcr Kinder, Jugendliche und Erwachsene. Wir bieten langj\u00e4hrige Erfahrung, ein freundliches und kompetentes Team und alles zu moderaten Mitgliedsbeitr\u00e4gen. Wo und wann trainieren wir? Latest News<\/p>\n","protected":false},"author":1,"featured_media":0,"parent":0,"menu_order":0,"comment_status":"closed","ping_status":"closed","template":"","meta":{"neve_meta_sidebar":"","neve_meta_container":"","neve_meta_enable_content_width":"","neve_meta_content_width":0,"neve_meta_title_alignment":"center","neve_meta_author_avatar":"","neve_post_elements_order":"","neve_meta_disable_header":"off","neve_meta_disable_footer":"","neve_meta_disable_title":"off","_themeisle_gutenberg_block_has_review":false,"_kadence_starter_templates_imported_post":false,"footnotes":""},"class_list":["post-5","page","type-page","status-publish","hentry"],"yoast_head":"<!-- This site is optimized with the Yoast SEO plugin v27.6 - https:\/\/yoast.com\/product\/yoast-seo-wordpress\/ -->\n<title>Willkommen bei Krav Maga Bremen - Krav Maga Bremen<\/title>\n<meta name=\"robots\" content=\"index, follow, max-snippet:-1, max-image-preview:large, max-video-preview:-1\" \/>\n<link rel=\"canonical\" href=\"https:\/\/kravmagabremen.de\/wordpress\/\" \/>\n<meta property=\"og:locale\" content=\"de_DE\" \/>\n<meta property=\"og:type\" content=\"article\" \/>\n<meta property=\"og:title\" content=\"Willkommen bei Krav Maga Bremen - Krav Maga Bremen\" \/>\n<meta property=\"og:description\" content=\"Wir sind eine Abteilung des TV Bremen-Walle 1875 und unterrichten einfach zu erlernende Selbstverteidigung f\u00fcr Kinder, Jugendliche und Erwachsene. Wir bieten langj\u00e4hrige Erfahrung, ein freundliches und kompetentes Team und alles zu moderaten Mitgliedsbeitr\u00e4gen. Wo und wann trainieren wir? Latest News\" \/>\n<meta property=\"og:url\" content=\"https:\/\/kravmagabremen.de\/wordpress\/\" \/>\n<meta property=\"og:site_name\" content=\"Krav Maga Bremen\" \/>\n<meta property=\"article:publisher\" content=\"https:\/\/www.facebook.com\/p\/Krav-Maga-Bremen-100067996480889\/\" \/>\n<meta property=\"article:modified_time\" content=\"2025-09-12T07:07:43+00:00\" \/>\n<meta property=\"og:image\" content=\"https:\/\/mlerlwx8bjtg.i.optimole.com\/cb:jziu.f5a\/w:auto\/h:auto\/q:mauto\/ig:avif\/https:\/\/kravmagabremen.de\/wordpress\/wp-content\/uploads\/2025\/02\/dsc00821-a.jpg\" \/>\n<meta name=\"twitter:card\" content=\"summary_large_image\" \/>\n<script type=\"application\/ld+json\" class=\"yoast-schema-graph\">{\"@context\":\"https:\\\/\\\/schema.org\",\"@graph\":[{\"@type\":\"WebPage\",\"@id\":\"https:\\\/\\\/kravmagabremen.de\\\/wordpress\\\/\",\"url\":\"https:\\\/\\\/kravmagabremen.de\\\/wordpress\\\/\",\"name\":\"Willkommen bei Krav Maga Bremen - Krav Maga Bremen\",\"isPartOf\":{\"@id\":\"https:\\\/\\\/kravmagabremen.de\\\/wordpress\\\/#website\"},\"primaryImageOfPage\":{\"@id\":\"https:\\\/\\\/kravmagabremen.de\\\/wordpress\\\/#primaryimage\"},\"image\":{\"@id\":\"https:\\\/\\\/kravmagabremen.de\\\/wordpress\\\/#primaryimage\"},\"thumbnailUrl\":\"https:\\/\\/kravmagabremen.de\\/wordpress\\/wp-content\\/uploads\\/2025\\/02\\/dsc00821-a.jpg\",\"datePublished\":\"2025-02-14T15:56:11+00:00\",\"dateModified\":\"2025-09-12T07:07:43+00:00\",\"breadcrumb\":{\"@id\":\"https:\\\/\\\/kravmagabremen.de\\\/wordpress\\\/#breadcrumb\"},\"inLanguage\":\"de\",\"potentialAction\":[{\"@type\":\"ReadAction\",\"target\":[\"https:\\\/\\\/kravmagabremen.de\\\/wordpress\\\/\"]}]},{\"@type\":\"ImageObject\",\"inLanguage\":\"de\",\"@id\":\"https:\\\/\\\/kravmagabremen.de\\\/wordpress\\\/#primaryimage\",\"url\":\"https:\\/\\/kravmagabremen.de\\/wordpress\\/wp-content\\/uploads\\/2025\\/02\\/dsc00821-a.jpg\",\"contentUrl\":\"https:\\/\\/kravmagabremen.de\\/wordpress\\/wp-content\\/uploads\\/2025\\/02\\/dsc00821-a.jpg\",\"width\":800,\"height\":425,\"caption\":\"SONY DSC\"},{\"@type\":\"BreadcrumbList\",\"@id\":\"https:\\\/\\\/kravmagabremen.de\\\/wordpress\\\/#breadcrumb\",\"itemListElement\":[{\"@type\":\"ListItem\",\"position\":1,\"name\":\"Startseite\",\"item\":\"https:\\\/\\\/kravmagabremen.de\\\/wordpress\\\/\"},{\"@type\":\"ListItem\",\"position\":2,\"name\":\"Willkommen bei Krav Maga Bremen\"}]},{\"@type\":\"WebSite\",\"@id\":\"https:\\\/\\\/kravmagabremen.de\\\/wordpress\\\/#website\",\"url\":\"https:\\\/\\\/kravmagabremen.de\\\/wordpress\\\/\",\"name\":\"Krav Maga Bremen\",\"description\":\"Effektive Selbstverteidigung\",\"publisher\":{\"@id\":\"https:\\\/\\\/kravmagabremen.de\\\/wordpress\\\/#organization\"},\"potentialAction\":[{\"@type\":\"SearchAction\",\"target\":{\"@type\":\"EntryPoint\",\"urlTemplate\":\"https:\\\/\\\/kravmagabremen.de\\\/wordpress\\\/?s={search_term_string}\"},\"query-input\":{\"@type\":\"PropertyValueSpecification\",\"valueRequired\":true,\"valueName\":\"search_term_string\"}}],\"inLanguage\":\"de\"},{\"@type\":\"Organization\",\"@id\":\"https:\\\/\\\/kravmagabremen.de\\\/wordpress\\\/#organization\",\"name\":\"Krav Maga Bremen\",\"url\":\"https:\\\/\\\/kravmagabremen.de\\\/wordpress\\\/\",\"logo\":{\"@type\":\"ImageObject\",\"inLanguage\":\"de\",\"@id\":\"https:\\\/\\\/kravmagabremen.de\\\/wordpress\\\/#\\\/schema\\\/logo\\\/image\\\/\",\"url\":\"https:\\/\\/kravmagabremen.de\\/wordpress\\/wp-content\\/uploads\\/2025\\/02\\/kmbfaust.png\",\"contentUrl\":\"https:\\/\\/kravmagabremen.de\\/wordpress\\/wp-content\\/uploads\\/2025\\/02\\/kmbfaust.png\",\"width\":188,\"height\":176,\"caption\":\"Krav Maga Bremen\"},\"image\":{\"@id\":\"https:\\\/\\\/kravmagabremen.de\\\/wordpress\\\/#\\\/schema\\\/logo\\\/image\\\/\"},\"sameAs\":[\"https:\\\/\\\/www.facebook.com\\\/p\\\/Krav-Maga-Bremen-100067996480889\\\/\"]}]}<\/script>\n<!-- \/ Yoast SEO plugin. -->","yoast_head_json":{"title":"Willkommen bei Krav Maga Bremen - Krav Maga Bremen","robots":{"index":"index","follow":"follow","max-snippet":"max-snippet:-1","max-image-preview":"max-image-preview:large","max-video-preview":"max-video-preview:-1"},"canonical":"https:\/\/kravmagabremen.de\/wordpress\/","og_locale":"de_DE","og_type":"article","og_title":"Willkommen bei Krav Maga Bremen - Krav Maga Bremen","og_description":"Wir sind eine Abteilung des TV Bremen-Walle 1875 und unterrichten einfach zu erlernende Selbstverteidigung f\u00fcr Kinder, Jugendliche und Erwachsene. Wir bieten langj\u00e4hrige Erfahrung, ein freundliches und kompetentes Team und alles zu moderaten Mitgliedsbeitr\u00e4gen. Wo und wann trainieren wir? Latest News","og_url":"https:\/\/kravmagabremen.de\/wordpress\/","og_site_name":"Krav Maga Bremen","article_publisher":"https:\/\/www.facebook.com\/p\/Krav-Maga-Bremen-100067996480889\/","article_modified_time":"2025-09-12T07:07:43+00:00","og_image":[{"url":"https:\/\/mlerlwx8bjtg.i.optimole.com\/cb:jziu.f5a\/w:auto\/h:auto\/q:mauto\/ig:avif\/https:\/\/kravmagabremen.de\/wordpress\/wp-content\/uploads\/2025\/02\/dsc00821-a.jpg","type":"","width":"","height":""}],"twitter_card":"summary_large_image","schema":{"@context":"https:\/\/schema.org","@graph":[{"@type":"WebPage","@id":"https:\/\/kravmagabremen.de\/wordpress\/","url":"https:\/\/kravmagabremen.de\/wordpress\/","name":"Willkommen bei Krav Maga Bremen - Krav Maga Bremen","isPartOf":{"@id":"https:\/\/kravmagabremen.de\/wordpress\/#website"},"primaryImageOfPage":{"@id":"https:\/\/kravmagabremen.de\/wordpress\/#primaryimage"},"image":{"@id":"https:\/\/kravmagabremen.de\/wordpress\/#primaryimage"},"thumbnailUrl":"https:\/\/mlerlwx8bjtg.i.optimole.com\/cb:jziu.f5a\/w:auto\/h:auto\/q:mauto\/ig:avif\/https:\/\/kravmagabremen.de\/wordpress\/wp-content\/uploads\/2025\/02\/dsc00821-a.jpg","datePublished":"2025-02-14T15:56:11+00:00","dateModified":"2025-09-12T07:07:43+00:00","breadcrumb":{"@id":"https:\/\/kravmagabremen.de\/wordpress\/#breadcrumb"},"inLanguage":"de","potentialAction":[{"@type":"ReadAction","target":["https:\/\/kravmagabremen.de\/wordpress\/"]}]},{"@type":"ImageObject","inLanguage":"de","@id":"https:\/\/kravmagabremen.de\/wordpress\/#primaryimage","url":"https:\/\/mlerlwx8bjtg.i.optimole.com\/cb:jziu.f5a\/w:auto\/h:auto\/q:mauto\/ig:avif\/https:\/\/kravmagabremen.de\/wordpress\/wp-content\/uploads\/2025\/02\/dsc00821-a.jpg","contentUrl":"https:\/\/mlerlwx8bjtg.i.optimole.com\/cb:jziu.f5a\/w:auto\/h:auto\/q:mauto\/ig:avif\/https:\/\/kravmagabremen.de\/wordpress\/wp-content\/uploads\/2025\/02\/dsc00821-a.jpg","width":800,"height":425,"caption":"SONY DSC"},{"@type":"BreadcrumbList","@id":"https:\/\/kravmagabremen.de\/wordpress\/#breadcrumb","itemListElement":[{"@type":"ListItem","position":1,"name":"Startseite","item":"https:\/\/kravmagabremen.de\/wordpress\/"},{"@type":"ListItem","position":2,"name":"Willkommen bei Krav Maga Bremen"}]},{"@type":"WebSite","@id":"https:\/\/kravmagabremen.de\/wordpress\/#website","url":"https:\/\/kravmagabremen.de\/wordpress\/","name":"Krav Maga Bremen","description":"Effektive Selbstverteidigung","publisher":{"@id":"https:\/\/kravmagabremen.de\/wordpress\/#organization"},"potentialAction":[{"@type":"SearchAction","target":{"@type":"EntryPoint","urlTemplate":"https:\/\/kravmagabremen.de\/wordpress\/?s={search_term_string}"},"query-input":{"@type":"PropertyValueSpecification","valueRequired":true,"valueName":"search_term_string"}}],"inLanguage":"de"},{"@type":"Organization","@id":"https:\/\/kravmagabremen.de\/wordpress\/#organization","name":"Krav Maga Bremen","url":"https:\/\/kravmagabremen.de\/wordpress\/","logo":{"@type":"ImageObject","inLanguage":"de","@id":"https:\/\/kravmagabremen.de\/wordpress\/#\/schema\/logo\/image\/","url":"https:\/\/mlerlwx8bjtg.i.optimole.com\/cb:jziu.f5a\/w:auto\/h:auto\/q:mauto\/ig:avif\/https:\/\/kravmagabremen.de\/wordpress\/wp-content\/uploads\/2025\/02\/kmbfaust.png","contentUrl":"https:\/\/mlerlwx8bjtg.i.optimole.com\/cb:jziu.f5a\/w:auto\/h:auto\/q:mauto\/ig:avif\/https:\/\/kravmagabremen.de\/wordpress\/wp-content\/uploads\/2025\/02\/kmbfaust.png","width":188,"height":176,"caption":"Krav Maga Bremen"},"image":{"@id":"https:\/\/kravmagabremen.de\/wordpress\/#\/schema\/logo\/image\/"},"sameAs":["https:\/\/www.facebook.com\/p\/Krav-Maga-Bremen-100067996480889\/"]}]}},"_links":{"self":[{"href":"https:\/\/kravmagabremen.de\/wordpress\/wp-json\/wp\/v2\/pages\/5","targetHints":{"allow":["GET"]}}],"collection":[{"href":"https:\/\/kravmagabremen.de\/wordpress\/wp-json\/wp\/v2\/pages"}],"about":[{"href":"https:\/\/kravmagabremen.de\/wordpress\/wp-json\/wp\/v2\/types\/page"}],"author":[{"embeddable":true,"href":"https:\/\/kravmagabremen.de\/wordpress\/wp-json\/wp\/v2\/users\/1"}],"replies":[{"embeddable":true,"href":"https:\/\/kravmagabremen.de\/wordpress\/wp-json\/wp\/v2\/comments?post=5"}],"version-history":[{"count":49,"href":"https:\/\/kravmagabremen.de\/wordpress\/wp-json\/wp\/v2\/pages\/5\/revisions"}],"predecessor-version":[{"id":619,"href":"https:\/\/kravmagabremen.de\/wordpress\/wp-json\/wp\/v2\/pages\/5\/revisions\/619"}],"wp:attachment":[{"href":"https:\/\/kravmagabremen.de\/wordpress\/wp-json\/wp\/v2\/media?parent=5"}],"curies":[{"name":"wp","href":"https:\/\/api.w.org\/{rel}","templated":true}]}}